+ 2*a**3. Suppose n = 2, 10*m - 4*n + 2 = 7*m. What is v(m)?
-10
Let b(q) = q**3 - 2*q**2 - 7*q - 8. Let k(h) = h + 1. Let x(j) = b(j) + 6*k(j). Suppose -4*w + 20 = 0, -2*i + 2*w = -7 + 11. Determine x(i).
4
Let l(v) = 10*v + 10*v - 11*v - v**3 + 5*v**2. Calculate l(7).
-35
Suppose -2*v - 4*z - 17 = -7*v, 4*v + 11 = -5*z. Let p(q) be the second derivative of -4*q**3/3 - 3*q. Give p(v).
-8
Let n(d) = 5*d + 17. Suppose v = 19 - 24. Give n(v).
-8
Let g(f) = -2*f + 1. Let w(q) = -q - 11. Let v(j) = -g(j) + w(j). What is v(6)?
-6
Let t(u) = -11*u**2 - 2*u - 1. Let d(z) = 2*z**3 + 3*z**2 + 4*z - 2. Let i be d(-2). Let p = i - -21. Suppose 3*n + 4*j - p = -22, 3*j + 12 = -3*n. Give t(n).
-10
Let o(z) = 10*z**2 - 2*z - 2. Let b(h) = 10*h**2 - 2*h - 1. Let m(d) = 4*b(d) - 3*o(d). Let u(x) = 15*x**2 - 3*x + 3. Let k(l) = 7*m(l) - 5*u(l). Give k(1).
-5
Let m be 8 + 1*(-2 - 2). Let o(g) = -m*g + 0*g - 228 + g**2 + 224. Determine o(-3).
17
Let p(s) = -s**2 + 9*s + 19. Let j be p(11). Let o(m) = -m. Calculate o(j).
3
Suppose 0 = -5*z + 6*z + 1. Let h(s) = 7*s - 22*s + 6*s - 1 + 22*s. Calculate h(z).
-14
Let p(h) = 2*h**3 - 4*h**2 - h - 3. Let u(s) = -5*s**3 + 7*s**2 + s + 7. Let c(v) = 7*p(v) + 3*u(v). Suppose 5*m + 2*a - 6 = -26, a - 5 = 0. Give c(m).
-12
Let l(a) be the second derivative of 0*a**3 - 1/12*a**4 + 1/2*a**2 + 4*a + 0. Give l(3).
-8
Suppose 0 = -2*p - n - n - 16, 3*n = -p - 12. Let h(o) = 1 - o - 1 - 4 + 0. Calculate h(p).
2
Let b = -70 - -73. Let u(l) = -l**2 + 3*l - 7. Give u(b).
-7
Let b(h) = 1 + 7*h - 4 + 0. Let x be 2*(-3 - 25/(-10)). Let f be 11 + -13 + (-4*1)/x. Determine b(f).
11
Let b(x) = 3*x + 2. Let c be b(1). Let q = 17 + -10. Let h(j) = 12 - c + j**3 - 7*j**2 - 1 + q*j. What is h(6)?
12
Suppose 3*d = 12*d + 81. Let k(f) = f**2 + 5*f - 12. Calculate k(d).
24
Let o be -2 + 14 - 12/4. Let l(u) = -1 - 8 + u**3 + 4*u**2 + 13 - o. What is l(-4)?
-5
Let r(x) = -191*x + 97*x + 92*x + 14. Calculate r(5).
4
Suppose -34 = g - 3*v, 2*g - 2*v + 55 + 21 = 0. Let x = g - -35. Let s(a) be the third derivative of -a**4/24 + a**3/6 + a**2. What is s(x)?
6
Let y(t) = t. Let x(f) = 6*f - 3. Let g(v) = -x(v) + 5*y(v). Let i be (-2)/(-3) - (-3026)/51. Let l be 405/i - (-1)/4. Determine g(l).
-4
Let k(c) = -7*c - 5. Let h(g) = 6*g + 7. Let n(y) = 2*h(y) + 3*k(y). Determine n(-4).
35
Let r be ((-9)/12)/((-8)/352). Let h = r + -29. Let x(z) = z**2 + 5*z**2 - 2 - h*z**2 + z. Calculate x(3).
19
Suppose -82*w = -11*w. Let f(x) be the first derivative of -x**4/4 - x**2/2 - 3*x - 1. Calculate f(w).
-3
Let n = -387 + 392. Let m(l) = -2*l**2 + 4*l + 1. Determine m(n).
-29
Let d be (5/20)/(-1) - 18/(-8). Let n(v) = 2*v + 5 + v**d - 11*v + v**2 - v**2. Determine n(7).
-9
Let g(z) = z**3 + 4*z**2 - 4*z. Let y(d) = d**2 + 16*d - 26. Let n be y(-14). Let f be n/6 + (1 - -1) + 2. Determine g(f).
-5
Let d(g) = g**3 - 5*g**2 + 5*g - 3. Let m be (-3)/((-2 - 0)/(-6)). Let x be (-29)/m + 16/(-72). Determine d(x).
-6
Suppose 109*r - 60*r - 980 = 0. Let n(f) = 2*f**2 - 39*f - 26. What is n(r)?
-6
Let c = -2 - -4. Let k(l) = 3 + 3*l**c - 9 - 2*l**2 - 6*l + 10. Suppose 4*b - 3*j = b + 15, 14 = 4*b + 2*j. Calculate k(b).
-4
Let i(o) = -o**3 - 3*o**2 + 7*o + 6. Let l = -82 - -78. Calculate i(l).
-6
Let l be 90/(-12)*8/(-10). Let w(r) = r**3 - 7*r**2 + 7*r - 1. Let i be w(6). Let f(n) = 1 - n + i - 8. What is f(l)?
-8
Let z be (-16)/24*15/(-2). Let b(g) = -2*g**2 + 5*g + 13. Let i(m) = 4*m + 10 - 3 - 2*m - m**2. Let p(y) = z*i(y) - 3*b(y). Determine p(6).
2
Let a = 143/6 + -71/3. Let s(y) be the third derivative of -1/8*y**4 + 0 + 1/60*y**5 + 0*y + 6*y**2 + a*y**3. Calculate s(1).
-1
Let n be 6 + (-38)/7 + 120/(-14). Let r(m) = -m**3 - 8*m**2 - m - 8. Calculate r(n).
0
Let c(a) = -a**3 - a**2 + 14. Suppose 0 = 35*l - 12 + 12. Calculate c(l).
14
Let z(o) = -7*o - 1. Let r(w) = 2. Let k(n) = 2*r(n) + z(n). Suppose -3*a + t + 16 = -t, 3*t + 15 = 0. Determine k(a).
-11
Let q(y) = 2*y + 42 - 76 + 36. Calculate q(-2).
-2
Let v(d) be the first derivative of -5*d**2 - 57*d - 415. Calculate v(-6).
3
Suppose 0 = -w + 61*h - 62*h + 1, 4*h + 8 = 0. Let u(t) = -19*t + 57. Calculate u(w).
0
Let o(t) = -14*t - 6. Let y(u) = -13*u - 5. Let j(s) = 6*o(s) - 7*y(s). Let a be (-50)/475 + 36/(-19). Determine j(a).
-15
Let g(h) = -14*h**2 - h**2 + 0*h**2 + 5*h**2 - 7 - h**3 + h**2 - 8*h. Determine g(-8).
-7
Let n(f) be the third derivative of f**7/5040 + f**6/180 - f**5/30 + 2*f**2. Let a(z) be the third derivative of n(z). Let c be 6/(-9)*(-9)/(-2). What is a(c)?
1
Let v(l) = l**3 + 11*l**2 + 11*l + 8. Let c(r) = 2*r - 22. Let w = -72 + 78. Let a be c(w). Calculate v(a).
-2
Let w(g) be the first derivative of g**4/4 - 4*g**3/3 - 5*g**2/2 - 5*g + 695. Let z(n) = 6*n**2 + n. Let a be z(-1). What is w(a)?
-5
Let m(o) = 3*o**3 - 11*o**2 - 2*o - 1. Let l(y) = y**3 - 2*y**2 + 1. Let t(q) = -2*l(q) + m(q). Determine t(6).
-51
Let b(i) = -77*i + 0 - 72*i - 20 + 225*i - 79*i. What is b(-4)?
-8
Let a be 138/54 + ((-93)/(-27) - 3). Let n(u) = -u**2 + 2*u + 1. What is n(a)?
-2
Let c(r) = -2*r**2 - 8*r - 3. Let z be (-188)/36 + 18/81. Calculate c(z).
-13
Let i(t) = -t**2 + 9*t + 2. Suppose -2*h = -10*h + 72. Give i(h).
2
Let h(c) = 0*c**2 + 2*c**2 - c + 25*c - 11354 + 11348. Calculate h(-12).
-6
Let h(n) = n - 7. Let g(d) = -4*d + 2. Let u be g(1). Let y = 2 + u. Suppose y = -4*r - r + 15. Calculate h(r).
-4
Let k(r) = 3*r. Let t(w) = 5*w + 1. Let z(a) = -3*k(a) + 2*t(a). Let c be (8/(-10))/((-10)/25). Suppose -2*v - c*v - 4 = 0. Determine z(v).
1
Let z(b) = b**3 - 11*b**2 + 5*b + 7. Let i(o) = -5*o - 7*o**3 + 26*o**2 - 14*o**2 - 8 + 6*o**3. Let x(l) = 5*i(l) + 6*z(l). What is x(5)?
2
Let l(j) be the third derivative of -j**5/60 - 7*j**4/24 - 1003*j**2. Let a be 1*(3/(-1) + 0). Give l(a).
12
Let y(g) = -24 - 2*g + 7*g + 22 - 6*g. Give y(-6).
4
Let n(h) be the second derivative of -1/12*h**4 - 3/2*h**2 + 0 + 19*h - 2/3*h**3. Determine n(-4).
-3
Let t = 40 + -50. Let a(s) = 3*s + 27. Let w be a(t). Let v(n) = n**3 + 2*n**2 + n + 4. Determine v(w).
-8
Let u(t) be the first derivative of -11*t**4/24 + t**2 - 3. Let o(h) be the second derivative of u(h). Suppose 2*w + 3*w - 1 = -4*c, 2*c = w - 3. What is o(c)?
11
Let y(g) = -2*g**2 + 8*g + 14. Let v(z) = -z**3 - 22*z**2 - 25*z - 78. Let h be v(-21). Give y(h).
-10
Let l be (22 - (-2 + 6)) + -11. Let w(x) = -x**3 + 8*x**2 - 6*x - 2. Give w(l).
5
Let i(h) = -2*h - 1. Let o be i(-7). Suppose o = -4*m - 5*l, 4*m - 6*m - 5*l - 19 = 0. Let k(b) = 49*b + b**m - 4 - 49*b. Determine k(0).
-4
Let k(d) = 3*d - 7. Let h(t) = -t**3 + 2*t**2 + 2*t - 2. Let n be h(-2). Suppose 4*l - n - 10 = 0, 0 = -2*u - 5*l + 39. Determine k(u).
14
Let c(a) be the second derivative of -a**2 + 0 - 13*a - 1/3*a**4 + 1/6*a**3 + 1/20*a**5. Give c(3).
-8
Suppose 4*r = -2*v + 12, -3 - 7 = -5*v. Let y be ((-3)/r)/(12/16). Let s(p) be the second derivative of p**3/3 - p**2/2 - p. What is s(y)?
-5
Let u(y) be the second derivative of 0*y**4 - 1/24*y**5 - 1/360*y**6 + 0*y**2 + 0 - 2*y + 1/6*y**3. Let f(m) be the second derivative of u(m). Give f(-5).
0
Let z(t) = 5*t**2 - 14*t - 22. Let v(g) = 2*g**2 - 7*g - 10. Let i(r) = -7*v(r) + 3*z(r). What is i(-5)?
-6
Let k(v) = 5*v**3 - 1. Suppose 29 = -s + 26. Let f be 6/(-18)*(7 - -2)/s. Give k(f).
4
Let l(c) = 4*c**3 - 26*c**2 - 18*c + 16. Let k be l(7). Let h(z) = -z**3 - 13*z**2 - 11*z + 21. Calculate h(k).
9
Let y be (-170)/(-51) + 8/12. Let w(p) be the first derivative of -1/3*p**3 - 7/2*p**2 + 4 - y*p. Calculate w(-4).
8
Let t(c) = c + 3. Let y be t(2). Let f(x) = 4*x**3 + 7*x**2 + x - 2. Let s(h) = -3*h**3 - 7*h**2 + 1. Let r(q) = y*s(q) + 4*f(q). Calculate r(6).
-15
Let m(c) = 2*c - 31 + 3*c**2 + 32 - 4*c**2. Let n be (2/(-8))/(11/(-88)). Determine m(n).
1
Let t(l) be the third derivative of l**4/24 + l**3/3 + 2*l**2 + 120. Determine t(2).
4
Let x = -2 - -3. Let w = x - 6. Let g(y) = 5*y - 46. Let a(i) = 14*i - 130. Let t(b) = -6*a(b) + 17*g(b). Give t(w).
-7
Let v(b) = -b**3 - 6*b**2 - 7*b. Suppose -6*j = -111 - 51. Let n be (-6)/j + (-43)/9. Give v(n).
10
Let i(l) = -1 + 3 - 6*l + l**2 + 1. Suppose 0*u - 3 = u, 4*u + 27 = 5*p. What is i(p)?
-6
Let h = 269 + -269. Let j(k) = -k**2 + k - 27. Give j(h).
-27
Suppose -i - i - 2 = 0. Let m(g) = g**3 + g*